{"id":853,"date":"2023-04-25T15:22:02","date_gmt":"2023-04-25T13:22:02","guid":{"rendered":"https:\/\/big-huegelsheim.de\/?page_id=853"},"modified":"2024-11-24T08:56:48","modified_gmt":"2024-11-24T07:56:48","slug":"unsere-bisherigen-aktivitaeten-summary","status":"publish","type":"page","link":"https:\/\/big-huegelsheim.de\/?page_id=853","title":{"rendered":"Unsere bisherigen Aktivit\u00e4ten zum Stand November 2024"},"content":{"rendered":"<p>14.07.2020 erstes Treffen und Kick-off der<br \/>\n<strong>B<\/strong>\u00fcrger <strong>I<\/strong>nteressen<strong>g<\/strong>emeinschaft\u00a0\u00a0<strong>H<\/strong>\u00fcgelsheim (<strong>BIGH<\/strong>)<br \/>\nIn der Folge Erarbeitung einer Pr\u00e4ambel \u201eWof\u00fcr stehen wir\u201c<\/p>\n<ul>\n<li>Gespr\u00e4che \/ Videokonferenzen mit B\u00fcrgermeister Reiner Dehmelt \/ B\u00fcrgermeisterin Kerstin Cee<\/li>\n<li>Gespr\u00e4che \/ Videokonferenzen mit dem Gemeinderat H\u00fcgelsheim<\/li>\n<li>Beteiligung an der Demonstration \u201eH\u00fcgelsheim fordert\u201c<\/li>\n<li>Pressetermin<\/li>\n<li>Kontakt mit dem Verkehrsminister Baden-W\u00fcrttemberg Herrn Wilfried Herrmann<\/li>\n<li>Gespr\u00e4che \/ Videokonferenzen mit MdL folgender Parteien: B\u00dcNDNIS 90 \/ Die Gr\u00fcnen, CDU, SPD und FDP<\/li>\n<li>Gespr\u00e4che \/ Videokonferenzen mit verschiedenen Personen \/ \u00c4mtern zu Verkehrs- \/ Umwelt- und PFC (PFAS) \u2013 Themen<\/li>\n<li>Gespr\u00e4che mit der Baden Airpark GmbH und dem Zweckverband S\u00f6llingen<\/li>\n<li>Teilnahme eines Vertreters der BIGH an den bisherigen acht Sitzungen des Arbeitskreises \u201eRunder Tisch\u201c Baden Airpark<\/li>\n<li>Teilnahme der BIGH an den bisherigen sechs Sitzungen der<br \/>\nArbeitsgruppen im Rahmen der verkehrlichen Anbindung des Baden Airparks<br \/>\nzu den Themen Verkehr, Umwelt und Sozio-\u00d6konomie<\/li>\n<\/ul>\n<p><strong>Insgesamt ca. 190 Termine seit dem Kickoff im Juli 2020 <\/strong><\/p>\n","protected":false},"excerpt":{"rendered":"<p>14.07.2020 erstes Treffen und Kick-off der B\u00fcrger Interessengemeinschaft\u00a0\u00a0H\u00fcgelsheim (BIGH) In der Folge Erarbeitung einer Pr\u00e4ambel \u201eWof\u00fcr stehen wir\u201c Gespr\u00e4che \/ Videokonferenzen mit B\u00fcrgermeister Reiner Dehmelt \/ B\u00fcrgermeisterin Kerstin Cee Gespr\u00e4che \/ Videokonferenzen mit dem Gemeinderat H\u00fcgelsheim Beteiligung an der Demonstration \u201eH\u00fcgelsheim fordert\u201c Pressetermin Kontakt mit dem Verkehrsminister Baden-W\u00fcrttemberg Herrn Wilfried Herrmann Gespr\u00e4che \/ Videokonferenzen mit &hellip; <\/p>\n<p class=\"link-more\"><a href=\"https:\/\/big-huegelsheim.de\/?page_id=853\" class=\"more-link\"><span class=\"screen-reader-text\">\u201eUnsere bisherigen Aktivit\u00e4ten zum Stand November 2024\u201c <\/span>weiterlesen<\/a><\/p>\n","protected":false},"author":3,"featured_media":0,"parent":0,"menu_order":0,"comment_status":"closed","ping_status":"closed","template":"","meta":{"footnotes":""},"class_list":["post-853","page","type-page","status-publish","hentry"],"yoast_head":"<!-- This site is optimized with the Yoast SEO plugin v24.9 - https:\/\/yoast.com\/wordpress\/plugins\/seo\/ -->\n<title>Unsere bisherigen Aktivit\u00e4ten zum Stand November 2024 - BIG - H\u00fcgelsheim<\/title>\n<meta name=\"robots\" content=\"index, follow, max-snippet:-1, max-image-preview:large, max-video-preview:-1\" \/>\n<link rel=\"canonical\" href=\"https:\/\/big-huegelsheim.de\/?page_id=853\" \/>\n<meta property=\"og:locale\" content=\"de_DE\" \/>\n<meta property=\"og:type\" content=\"article\" \/>\n<meta property=\"og:title\" content=\"Unsere bisherigen Aktivit\u00e4ten zum Stand November 2024 - BIG - H\u00fcgelsheim\" \/>\n<meta property=\"og:description\" content=\"14.07.2020 erstes Treffen und Kick-off der B\u00fcrger Interessengemeinschaft\u00a0\u00a0H\u00fcgelsheim (BIGH) In der Folge Erarbeitung einer Pr\u00e4ambel \u201eWof\u00fcr stehen wir\u201c Gespr\u00e4che \/ Videokonferenzen mit B\u00fcrgermeister Reiner Dehmelt \/ B\u00fcrgermeisterin Kerstin Cee Gespr\u00e4che \/ Videokonferenzen mit dem Gemeinderat H\u00fcgelsheim Beteiligung an der Demonstration \u201eH\u00fcgelsheim fordert\u201c Pressetermin Kontakt mit dem Verkehrsminister Baden-W\u00fcrttemberg Herrn Wilfried Herrmann Gespr\u00e4che \/ Videokonferenzen mit &hellip; \u201eUnsere bisherigen Aktivit\u00e4ten zum Stand November 2024\u201c weiterlesen\" \/>\n<meta property=\"og:url\" content=\"https:\/\/big-huegelsheim.de\/?page_id=853\" \/>\n<meta property=\"og:site_name\" content=\"BIG - H\u00fcgelsheim\" \/>\n<meta property=\"article:modified_time\" content=\"2024-11-24T07:56:48+00:00\" \/>\n<meta name=\"twitter:card\" content=\"summary_large_image\" \/>\n<meta name=\"twitter:label1\" content=\"Gesch\u00e4tzte Lesezeit\" \/>\n\t<meta name=\"twitter:data1\" content=\"1\u00a0Minute\" \/>\n<script type=\"application\/ld+json\" class=\"yoast-schema-graph\">{\"@context\":\"https:\/\/schema.org\",\"@graph\":[{\"@type\":\"WebPage\",\"@id\":\"https:\/\/big-huegelsheim.de\/?page_id=853\",\"url\":\"https:\/\/big-huegelsheim.de\/?page_id=853\",\"name\":\"Unsere bisherigen Aktivit\u00e4ten zum Stand November 2024 - BIG - H\u00fcgelsheim\",\"isPartOf\":{\"@id\":\"https:\/\/big-huegelsheim.de\/#website\"},\"datePublished\":\"2023-04-25T13:22:02+00:00\",\"dateModified\":\"2024-11-24T07:56:48+00:00\",\"breadcrumb\":{\"@id\":\"https:\/\/big-huegelsheim.de\/?page_id=853#breadcrumb\"},\"inLanguage\":\"de\",\"potentialAction\":[{\"@type\":\"ReadAction\",\"target\":[\"https:\/\/big-huegelsheim.de\/?page_id=853\"]}]},{\"@type\":\"BreadcrumbList\",\"@id\":\"https:\/\/big-huegelsheim.de\/?page_id=853#breadcrumb\",\"itemListElement\":[{\"@type\":\"ListItem\",\"position\":1,\"name\":\"Startseite\",\"item\":\"https:\/\/big-huegelsheim.de\/\"},{\"@type\":\"ListItem\",\"position\":2,\"name\":\"Unsere bisherigen Aktivit\u00e4ten zum Stand November 2024\"}]},{\"@type\":\"WebSite\",\"@id\":\"https:\/\/big-huegelsheim.de\/#website\",\"url\":\"https:\/\/big-huegelsheim.de\/\",\"name\":\"BIG - H\u00fcgelsheim\",\"description\":\"B\u00fcrger Interessengemeinschaft Entwicklung H\u00fcgelsheim BIGH\",\"publisher\":{\"@id\":\"https:\/\/big-huegelsheim.de\/#organization\"},\"alternateName\":\"BIGH\",\"potentialAction\":[{\"@type\":\"SearchAction\",\"target\":{\"@type\":\"EntryPoint\",\"urlTemplate\":\"https:\/\/big-huegelsheim.de\/?s={search_term_string}\"},\"query-input\":{\"@type\":\"PropertyValueSpecification\",\"valueRequired\":true,\"valueName\":\"search_term_string\"}}],\"inLanguage\":\"de\"},{\"@type\":\"Organization\",\"@id\":\"https:\/\/big-huegelsheim.de\/#organization\",\"name\":\"BIG - H\u00fcgelsheim\",\"url\":\"https:\/\/big-huegelsheim.de\/\",\"logo\":{\"@type\":\"ImageObject\",\"inLanguage\":\"de\",\"@id\":\"https:\/\/big-huegelsheim.de\/#\/schema\/logo\/image\/\",\"url\":\"https:\/\/big-huegelsheim.de\/wp-content\/uploads\/2021\/05\/cropped-Laerm-e1621962532886.png\",\"contentUrl\":\"https:\/\/big-huegelsheim.de\/wp-content\/uploads\/2021\/05\/cropped-Laerm-e1621962532886.png\",\"width\":512,\"height\":512,\"caption\":\"BIG - H\u00fcgelsheim\"},\"image\":{\"@id\":\"https:\/\/big-huegelsheim.de\/#\/schema\/logo\/image\/\"}}]}<\/script>\n<!-- \/ Yoast SEO plugin. -->","yoast_head_json":{"title":"Unsere bisherigen Aktivit\u00e4ten zum Stand November 2024 - BIG - H\u00fcgelsheim","robots":{"index":"index","follow":"follow","max-snippet":"max-snippet:-1","max-image-preview":"max-image-preview:large","max-video-preview":"max-video-preview:-1"},"canonical":"https:\/\/big-huegelsheim.de\/?page_id=853","og_locale":"de_DE","og_type":"article","og_title":"Unsere bisherigen Aktivit\u00e4ten zum Stand November 2024 - BIG - H\u00fcgelsheim","og_description":"14.07.2020 erstes Treffen und Kick-off der B\u00fcrger Interessengemeinschaft\u00a0\u00a0H\u00fcgelsheim (BIGH) In der Folge Erarbeitung einer Pr\u00e4ambel \u201eWof\u00fcr stehen wir\u201c Gespr\u00e4che \/ Videokonferenzen mit B\u00fcrgermeister Reiner Dehmelt \/ B\u00fcrgermeisterin Kerstin Cee Gespr\u00e4che \/ Videokonferenzen mit dem Gemeinderat H\u00fcgelsheim Beteiligung an der Demonstration \u201eH\u00fcgelsheim fordert\u201c Pressetermin Kontakt mit dem Verkehrsminister Baden-W\u00fcrttemberg Herrn Wilfried Herrmann Gespr\u00e4che \/ Videokonferenzen mit &hellip; \u201eUnsere bisherigen Aktivit\u00e4ten zum Stand November 2024\u201c weiterlesen","og_url":"https:\/\/big-huegelsheim.de\/?page_id=853","og_site_name":"BIG - H\u00fcgelsheim","article_modified_time":"2024-11-24T07:56:48+00:00","twitter_card":"summary_large_image","twitter_misc":{"Gesch\u00e4tzte Lesezeit":"1\u00a0Minute"},"schema":{"@context":"https:\/\/schema.org","@graph":[{"@type":"WebPage","@id":"https:\/\/big-huegelsheim.de\/?page_id=853","url":"https:\/\/big-huegelsheim.de\/?page_id=853","name":"Unsere bisherigen Aktivit\u00e4ten zum Stand November 2024 - BIG - H\u00fcgelsheim","isPartOf":{"@id":"https:\/\/big-huegelsheim.de\/#website"},"datePublished":"2023-04-25T13:22:02+00:00","dateModified":"2024-11-24T07:56:48+00:00","breadcrumb":{"@id":"https:\/\/big-huegelsheim.de\/?page_id=853#breadcrumb"},"inLanguage":"de","potentialAction":[{"@type":"ReadAction","target":["https:\/\/big-huegelsheim.de\/?page_id=853"]}]},{"@type":"BreadcrumbList","@id":"https:\/\/big-huegelsheim.de\/?page_id=853#breadcrumb","itemListElement":[{"@type":"ListItem","position":1,"name":"Startseite","item":"https:\/\/big-huegelsheim.de\/"},{"@type":"ListItem","position":2,"name":"Unsere bisherigen Aktivit\u00e4ten zum Stand November 2024"}]},{"@type":"WebSite","@id":"https:\/\/big-huegelsheim.de\/#website","url":"https:\/\/big-huegelsheim.de\/","name":"BIG - H\u00fcgelsheim","description":"B\u00fcrger Interessengemeinschaft Entwicklung H\u00fcgelsheim BIGH","publisher":{"@id":"https:\/\/big-huegelsheim.de\/#organization"},"alternateName":"BIGH","potentialAction":[{"@type":"SearchAction","target":{"@type":"EntryPoint","urlTemplate":"https:\/\/big-huegelsheim.de\/?s={search_term_string}"},"query-input":{"@type":"PropertyValueSpecification","valueRequired":true,"valueName":"search_term_string"}}],"inLanguage":"de"},{"@type":"Organization","@id":"https:\/\/big-huegelsheim.de\/#organization","name":"BIG - H\u00fcgelsheim","url":"https:\/\/big-huegelsheim.de\/","logo":{"@type":"ImageObject","inLanguage":"de","@id":"https:\/\/big-huegelsheim.de\/#\/schema\/logo\/image\/","url":"https:\/\/big-huegelsheim.de\/wp-content\/uploads\/2021\/05\/cropped-Laerm-e1621962532886.png","contentUrl":"https:\/\/big-huegelsheim.de\/wp-content\/uploads\/2021\/05\/cropped-Laerm-e1621962532886.png","width":512,"height":512,"caption":"BIG - H\u00fcgelsheim"},"image":{"@id":"https:\/\/big-huegelsheim.de\/#\/schema\/logo\/image\/"}}]}},"_links":{"self":[{"href":"https:\/\/big-huegelsheim.de\/index.php?rest_route=\/wp\/v2\/pages\/853","targetHints":{"allow":["GET"]}}],"collection":[{"href":"https:\/\/big-huegelsheim.de\/index.php?rest_route=\/wp\/v2\/pages"}],"about":[{"href":"https:\/\/big-huegelsheim.de\/index.php?rest_route=\/wp\/v2\/types\/page"}],"author":[{"embeddable":true,"href":"https:\/\/big-huegelsheim.de\/index.php?rest_route=\/wp\/v2\/users\/3"}],"replies":[{"embeddable":true,"href":"https:\/\/big-huegelsheim.de\/index.php?rest_route=%2Fwp%2Fv2%2Fcomments&post=853"}],"version-history":[{"count":72,"href":"https:\/\/big-huegelsheim.de\/index.php?rest_route=\/wp\/v2\/pages\/853\/revisions"}],"predecessor-version":[{"id":2058,"href":"https:\/\/big-huegelsheim.de\/index.php?rest_route=\/wp\/v2\/pages\/853\/revisions\/2058"}],"wp:attachment":[{"href":"https:\/\/big-huegelsheim.de\/index.php?rest_route=%2Fwp%2Fv2%2Fmedia&parent=853"}],"curies":[{"name":"wp","href":"https:\/\/api.w.org\/{rel}","templated":true}]}}